{"id":115,"date":"2015-01-23T05:28:50","date_gmt":"2015-01-23T05:28:50","guid":{"rendered":"http:\/\/www.poliambulatorioaeffe.it\/?page_id=115"},"modified":"2024-06-18T10:04:40","modified_gmt":"2024-06-18T10:04:40","slug":"indagini-ecografiche","status":"publish","type":"page","link":"https:\/\/www.poliambulatorioaeffe.it\/?page_id=115","title":{"rendered":"ECOGRAFIE"},"content":{"rendered":"\n<p>L&#8217;ecografia \u00e8 un&#8217;indagine diagnostica medica il cui funzionamento non utilizza radiazioni ionizzanti (raggi X), ma si basa sull&#8217;emissione di onde ultrasonore (ultrasuoni).<\/p>\n\n\n\n<p>Oggi tale metodica viene utilizzata come indagine di &#8220;prima istanza&#8221; rispetto a tecniche d&#8217;indagine pi\u00f9 complesse come TAC e RM.<br>Non \u00e8 un esame doloroso, n\u00e9 fastidioso, e non provoca alcun disagio al paziente.<\/p>\n\n\n\n<p>\u00c8 uno strumento utile per studiare tutte le strutture profonde e superficiali del nostro corpo, nonch\u00e8 i vasi sanguigni, diagnosticare, quindi, malattie e seguirne l&#8217;evoluzione nel tempo.<\/p>\n\n\n\n<p>Presso il nostro centro viene utilizzata, da personale altamente qualificato, un&#8217;apparecchiatura ecografica di ultima generazione.<\/p>\n\n\n\n<div class=\"wp-block-group\"><div class=\"wp-block-group__inner-container is-layout-constrained wp-block-group-is-layout-constrained\">\n<div class=\"wp-block-group\"><div class=\"wp-block-group__inner-container is-layout-constrained wp-block-group-is-layout-constrained\">\n<div class=\"wp-block-group\"><div class=\"wp-block-group__inner-container is-layout-constrained wp-block-group-is-layout-constrained\">\n<div class=\"wp-block-group\"><div class=\"wp-block-group__inner-container is-layout-constrained wp-block-group-is-layout-constrained\">\n<p>&#8211; Ecografia muscolo-tendinea<br>&#8211; Ecografia parti molli superficiali<br>&#8211; Ecografia tiroide con color-doppler<br>&#8211; Ecografia stazioni linfonodali<br>&#8211; Ecografia ghiandole salivari<br>&#8211; Ecografia mammaria<br>&#8211; Ecografia addome superiore<\/p>\n\n\n\n<p>&#8211; Ecografia addome inferiore<br>&#8211; Ecografia addome completo<br>&#8211; Ecografia vie urinarie<br>&#8211; Ecografia testicolare<br>&#8211; Ecocolor-doppler grossi vasi addome<br>&#8211; Ecocolor-doppler arterioso carotideo e vertebrale<br>&#8211; Ecocolor-doppler venoso arti superiori ed inferiori<\/p>\n<\/div><\/div>\n<\/div><\/div>\n<\/div><\/div>\n<\/div><\/div>\n\n\n\n<p><\/p>\n\n\n\n<div class=\"wp-block-buttons is-layout-flex wp-block-buttons-is-layout-flex\">\n<div class=\"wp-block-button has-custom-width wp-block-button__width-100 has-custom-font-size has-medium-font-size\"><a class=\"wp-block-button__link has-neve-link-color-background-color has-background wp-element-button\" href=\"https:\/\/www.poliambulatorioaeffe.it\/?page_id=119\"><strong>ECOGRAFISTA<\/strong><\/a><\/div>\n<\/div>\n\n\n\n<p><\/p>\n","protected":false},"excerpt":{"rendered":"<p>L&#8217;ecografia \u00e8 un&#8217;indagine diagnostica medica il cui funzionamento non utilizza radiazioni ionizzanti (raggi X), ma si basa sull&#8217;emissione di onde ultrasonore (ultrasuoni). Oggi tale metodica viene utilizzata come indagine di &#8220;prima istanza&#8221; rispetto a tecniche d&#8217;indagine pi\u00f9 complesse come TAC e RM.Non \u00e8 un esame doloroso, n\u00e9 fastidioso, e non provoca alcun disagio al paziente.&hellip;&nbsp;<a href=\"https:\/\/www.poliambulatorioaeffe.it\/?page_id=115\" rel=\"bookmark\">Leggi tutto &raquo;<span class=\"screen-reader-text\">ECOGRAFIE<\/span><\/a><\/p>\n","protected":false},"author":1,"featured_media":0,"parent":21,"menu_order":0,"comment_status":"closed","ping_status":"closed","template":"","meta":{"neve_meta_sidebar":"","neve_meta_container":"","neve_meta_enable_content_width":"","neve_meta_content_width":70,"neve_meta_title_alignment":"","neve_meta_author_avatar":"","neve_post_elements_order":"","neve_meta_disable_header":"","neve_meta_disable_footer":"","neve_meta_disable_title":"","footnotes":""},"class_list":["post-115","page","type-page","status-publish","hentry"],"_links":{"self":[{"href":"https:\/\/www.poliambulatorioaeffe.it\/index.php?rest_route=\/wp\/v2\/pages\/115","targetHints":{"allow":["GET"]}}],"collection":[{"href":"https:\/\/www.poliambulatorioaeffe.it\/index.php?rest_route=\/wp\/v2\/pages"}],"about":[{"href":"https:\/\/www.poliambulatorioaeffe.it\/index.php?rest_route=\/wp\/v2\/types\/page"}],"author":[{"embeddable":true,"href":"https:\/\/www.poliambulatorioaeffe.it\/index.php?rest_route=\/wp\/v2\/users\/1"}],"replies":[{"embeddable":true,"href":"https:\/\/www.poliambulatorioaeffe.it\/index.php?rest_route=%2Fwp%2Fv2%2Fcomments&post=115"}],"version-history":[{"count":8,"href":"https:\/\/www.poliambulatorioaeffe.it\/index.php?rest_route=\/wp\/v2\/pages\/115\/revisions"}],"predecessor-version":[{"id":951,"href":"https:\/\/www.poliambulatorioaeffe.it\/index.php?rest_route=\/wp\/v2\/pages\/115\/revisions\/951"}],"up":[{"embeddable":true,"href":"https:\/\/www.poliambulatorioaeffe.it\/index.php?rest_route=\/wp\/v2\/pages\/21"}],"wp:attachment":[{"href":"https:\/\/www.poliambulatorioaeffe.it\/index.php?rest_route=%2Fwp%2Fv2%2Fmedia&parent=115"}],"curies":[{"name":"wp","href":"https:\/\/api.w.org\/{rel}","templated":true}]}}